{"id":321,"date":"2012-11-19T17:42:51","date_gmt":"2012-11-19T17:42:51","guid":{"rendered":"http:\/\/blogs.lasprovincias.es\/elfrancotirador\/wp-content\/uploads\/sites\/17\/2012\/11\/Bald021.jpg"},"modified":"2012-11-19T17:42:51","modified_gmt":"2012-11-19T17:42:51","slug":"docu_lp-elecciones-generales-2011-2","status":"inherit","type":"attachment","link":"https:\/\/blogs.lasprovincias.es\/elfrancotirador\/2012\/11\/19\/baldovi-el-opaco-y-iii\/docu_lp-elecciones-generales-2011-2\/","title":{"rendered":"DOCU_LP ELECCIONES GENERALES 2011"},"author":22,"comment_status":"open","ping_status":"closed","template":"","meta":[],"description":{"rendered":"<p class=\"attachment\"><a href=\"https:\/\/static-blogs.lasprovincias.es\/wp-content\/uploads\/sites\/17\/2012\/11\/Bald021.jpg\"><img width=\"300\" height=\"200\" src=\"https:\/\/static-blogs.lasprovincias.es\/wp-content\/uploads\/sites\/17\/2012\/11\/Bald021-300x200.jpg\" class=\"attachment-medium size-medium\" alt=\"\" loading=\"lazy\" srcset=\"https:\/\/static-blogs.lasprovincias.es\/wp-content\/uploads\/sites\/17\/2012\/11\/Bald021-300x200.jpg 300w, https:\/\/static-blogs.lasprovincias.es\/wp-content\/uploads\/sites\/17\/2012\/11\/Bald021.jpg 560w\" sizes=\"(max-width: 300px) 100vw, 300px\" \/><\/a><\/p>\n<p>V14 SUECA (VALENCIA), 20\/11\/2011.- El cabeza de lista de Comprom\u00eds al Congreso por Valencia, Joan Baldov\u00ed (d), deposita su voto en el colegio p\u00fablico Cervantes de Sueca. EFE\/ Rub\u00e9n Franc\u00e9s TELETIPOS_CORREO:%%%,%%%,%%%,VALENCIA<\/p>\n<!-- AddThis Advanced Settings generic via filter on the_content --><!-- AddThis Share Buttons generic via filter on the_content -->"},"caption":{"rendered":"<p>V14 SUECA (VALENCIA), 20\/11\/2011.- El cabeza de lista de Comprom\u00eds al Congreso por Valencia, Joan Baldov\u00ed (d), deposita su voto en el colegio p\u00fablico Cervantes de Sueca. EFE\/ Rub\u00e9n Franc\u00e9s TELETIPOS_CORREO:%%%,%%%,%%%,VALENCIA<!-- AddThis Advanced Settings generic via filter on get_the_excerpt --><!-- AddThis Share Buttons generic via filter on get_the_excerpt --><\/p>\n"},"alt_text":"","media_type":"image","mime_type":"image\/jpeg","media_details":{"width":560,"height":374,"file":"2012\/11\/Bald021.jpg","sizes":{"thumbnail":{"file":"Bald021-150x150.jpg","width":150,"height":150,"mime_type":"image\/jpeg","source_url":"https:\/\/blogs.lasprovincias.es\/elfrancotirador\/wp-content\/uploads\/sites\/17\/2012\/11\/Bald021-150x150.jpg"},"medium":{"file":"Bald021-300x200.jpg","width":300,"height":200,"mime_type":"image\/jpeg","source_url":"https:\/\/blogs.lasprovincias.es\/elfrancotirador\/wp-content\/uploads\/sites\/17\/2012\/11\/Bald021-300x200.jpg"},"full":{"file":"Bald021.jpg","width":560,"height":374,"mime_type":"image\/jpeg","source_url":"https:\/\/blogs.lasprovincias.es\/elfrancotirador\/wp-content\/uploads\/sites\/17\/2012\/11\/Bald021.jpg"}},"image_meta":{"aperture":"0","credit":"EFE","camera":"","caption":"V14 SUECA (VALENCIA), 20\/11\/2011.- El cabeza de lista de Comprom\u00eds al Congreso por Valencia, Joan Baldov\u00ed (d), deposita su voto en el colegio p\u00fablico Cervantes de Sueca. EFE\/ Rub\u00e9n Franc\u00e9s TELETIPOS_CORREO:%%%,%%%,%%%,VALENCIA","created_timestamp":"1321791420","copyright":"","focal_length":"0","iso":"0","shutter_speed":"0","title":"DOCU_LP ELECCIONES GENERALES 2011","orientation":"0","keywords":["CIU"]}},"post":318,"source_url":"https:\/\/blogs.lasprovincias.es\/elfrancotirador\/wp-content\/uploads\/sites\/17\/2012\/11\/Bald021.jpg","_links":{"self":[{"href":"https:\/\/blogs.lasprovincias.es\/elfrancotirador\/wp-json\/wp\/v2\/media\/321"}],"collection":[{"href":"https:\/\/blogs.lasprovincias.es\/elfrancotirador\/wp-json\/wp\/v2\/media"}],"about":[{"href":"https:\/\/blogs.lasprovincias.es\/elfrancotirador\/wp-json\/wp\/v2\/types\/attachment"}],"author":[{"embeddable":true,"href":"https:\/\/blogs.lasprovincias.es\/elfrancotirador\/wp-json\/wp\/v2\/users\/22"}],"replies":[{"embeddable":true,"href":"https:\/\/blogs.lasprovincias.es\/elfrancotirador\/wp-json\/wp\/v2\/comments?post=321"}]}}

<p class="attachment"><a href="https://static-blogs.lasprovincias.es/wp-content/uploads/sites/17/2012/11/Bald021.jpg"><img width="300" height="200" src="https://static-blogs.lasprovincias.es/wp-content/uploads/sites/17/2012/11/Bald021-300x200.jpg" class="attachment-medium size-medium" alt="" loading="lazy" srcset="https://static-blogs.lasprovincias.es/wp-content/uploads/sites/17/2012/11/Bald021-300x200.jpg 300w, https://static-blogs.lasprovincias.es/wp-content/uploads/sites/17/2012/11/Bald021.jpg 560w" sizes="(max-width: 300px) 100vw, 300px" /></a></p>
<p>V14 SUECA (VALENCIA), 20/11/2011.- El cabeza de lista de Compromís al Congreso por Valencia, Joan Baldoví (d), deposita su voto en el colegio público Cervantes de Sueca. EFE/ Rubén Francés TELETIPOS_CORREO:%%%,%%%,%%%,VALENCIA</p>
<!-- AddThis Advanced Settings generic via filter on the_content --><!-- AddThis Share Buttons generic via filter on the_content -->

<p>V14 SUECA (VALENCIA), 20/11/2011.- El cabeza de lista de Compromís al Congreso por Valencia, Joan Baldoví (d), deposita su voto en el colegio público Cervantes de Sueca. EFE/ Rubén Francés TELETIPOS_CORREO:%%%,%%%,%%%,VALENCIA<!-- AddThis Advanced Settings generic via filter on get_the_excerpt --><!-- AddThis Share Buttons generic via filter on get_the_excerpt --></p>

V14 SUECA (VALENCIA), 20/11/2011.- El cabeza de lista de Compromís al Congreso por Valencia, Joan Baldoví (d), deposita su voto en el colegio público Cervantes de Sueca. EFE/ Rubén Francés TELETIPOS_CORREO:%%%,%%%,%%%,VALENCIA
