{"id":645,"date":"2013-10-27T18:16:44","date_gmt":"2013-10-27T18:16:44","guid":{"rendered":"http:\/\/blogs.lasprovincias.es\/elfrancotirador\/wp-content\/uploads\/sites\/17\/2013\/10\/capa22.jpg"},"modified":"2013-10-27T18:16:44","modified_gmt":"2013-10-27T18:16:44","slug":"fabra-anuncia-un-sistema-de-prestamos-para-estudiantes-universitarios-3","status":"inherit","type":"attachment","link":"https:\/\/blogs.lasprovincias.es\/elfrancotirador\/2013\/10\/27\/piquetes-cobardes-y-fascistas\/fabra-anuncia-un-sistema-de-prestamos-para-estudiantes-universitarios-3\/","title":{"rendered":"FABRA ANUNCIA UN SISTEMA DE PRESTAMOS PARA ESTUDIANTES UNIVERSITARIOS"},"author":22,"comment_status":"open","ping_status":"open","template":"","meta":[],"description":{"rendered":"<p class=\"attachment\"><a href=\"https:\/\/static-blogs.lasprovincias.es\/wp-content\/uploads\/sites\/17\/2013\/10\/capa22.jpg\"><img width=\"300\" height=\"189\" src=\"https:\/\/static-blogs.lasprovincias.es\/wp-content\/uploads\/sites\/17\/2013\/10\/capa22-300x189.jpg\" class=\"attachment-medium size-medium\" alt=\"\" loading=\"lazy\" srcset=\"https:\/\/static-blogs.lasprovincias.es\/wp-content\/uploads\/sites\/17\/2013\/10\/capa22-300x189.jpg 300w, https:\/\/static-blogs.lasprovincias.es\/wp-content\/uploads\/sites\/17\/2013\/10\/capa22.jpg 649w\" sizes=\"(max-width: 300px) 100vw, 300px\" \/><\/a><\/p>\n<p>VALENCIA (COMUNITAT VALENCIANA), 12\/09\/2013. El coordinador de la asamblea de estudiantes, Jordi Caparr\u00f3s, lee un manifiesto de la plataforma en defensa de la Universidad P\u00fablica durante el acto solemne de apertura de curso de la Universitat de Val\u00e8ncia. EFE\/Kai F\u00f6rsterling<\/p>\n<!-- AddThis Advanced Settings generic via filter on the_content --><!-- AddThis Share Buttons generic via filter on the_content -->"},"caption":{"rendered":"<p>VALENCIA (COMUNITAT VALENCIANA), 12\/09\/2013. El coordinador de la asamblea de estudiantes, Jordi Caparr\u00f3s, lee un manifiesto de la plataforma en defensa de la Universidad P\u00fablica durante el acto solemne de apertura de curso de la Universitat de Val\u00e8ncia. EFE\/Kai F\u00f6rsterling<!-- AddThis Advanced Settings generic via filter on get_the_excerpt --><!-- AddThis Share Buttons generic via filter on get_the_excerpt --><\/p>\n"},"alt_text":"","media_type":"image","mime_type":"image\/jpeg","media_details":{"width":649,"height":408,"file":"2013\/10\/capa22.jpg","sizes":{"thumbnail":{"file":"capa22-150x150.jpg","width":150,"height":150,"mime_type":"image\/jpeg","source_url":"https:\/\/blogs.lasprovincias.es\/elfrancotirador\/wp-content\/uploads\/sites\/17\/2013\/10\/capa22-150x150.jpg"},"medium":{"file":"capa22-300x189.jpg","width":300,"height":189,"mime_type":"image\/jpeg","source_url":"https:\/\/blogs.lasprovincias.es\/elfrancotirador\/wp-content\/uploads\/sites\/17\/2013\/10\/capa22-300x189.jpg"},"full":{"file":"capa22.jpg","width":649,"height":408,"mime_type":"image\/jpeg","source_url":"https:\/\/blogs.lasprovincias.es\/elfrancotirador\/wp-content\/uploads\/sites\/17\/2013\/10\/capa22.jpg"}},"image_meta":{"aperture":"0","credit":"EFE","camera":"","caption":"VALENCIA (COMUNITAT VALENCIANA), 12\/09\/2013. El coordinador de la asamblea de estudiantes, Jordi Caparr\u00f3s, lee un manifiesto de la plataforma en defensa de la Universidad P\u00fablica durante el acto solemne de apertura de curso de la Universitat de Val\u00e8ncia. EFE\/Kai F\u00f6rsterling","created_timestamp":"1378989300","copyright":"","focal_length":"0","iso":"0","shutter_speed":"0","title":"FABRA ANUNCIA UN SISTEMA DE PRESTAMOS PARA ESTUDIANTES UNIVERSITARIOS","orientation":"0","keywords":["Education"]}},"post":642,"source_url":"https:\/\/blogs.lasprovincias.es\/elfrancotirador\/wp-content\/uploads\/sites\/17\/2013\/10\/capa22.jpg","_links":{"self":[{"href":"https:\/\/blogs.lasprovincias.es\/elfrancotirador\/wp-json\/wp\/v2\/media\/645"}],"collection":[{"href":"https:\/\/blogs.lasprovincias.es\/elfrancotirador\/wp-json\/wp\/v2\/media"}],"about":[{"href":"https:\/\/blogs.lasprovincias.es\/elfrancotirador\/wp-json\/wp\/v2\/types\/attachment"}],"author":[{"embeddable":true,"href":"https:\/\/blogs.lasprovincias.es\/elfrancotirador\/wp-json\/wp\/v2\/users\/22"}],"replies":[{"embeddable":true,"href":"https:\/\/blogs.lasprovincias.es\/elfrancotirador\/wp-json\/wp\/v2\/comments?post=645"}]}}

<p class="attachment"><a href="https://static-blogs.lasprovincias.es/wp-content/uploads/sites/17/2013/10/capa22.jpg"><img width="300" height="189" src="https://static-blogs.lasprovincias.es/wp-content/uploads/sites/17/2013/10/capa22-300x189.jpg" class="attachment-medium size-medium" alt="" loading="lazy" srcset="https://static-blogs.lasprovincias.es/wp-content/uploads/sites/17/2013/10/capa22-300x189.jpg 300w, https://static-blogs.lasprovincias.es/wp-content/uploads/sites/17/2013/10/capa22.jpg 649w" sizes="(max-width: 300px) 100vw, 300px" /></a></p>
<p>VALENCIA (COMUNITAT VALENCIANA), 12/09/2013. El coordinador de la asamblea de estudiantes, Jordi Caparrós, lee un manifiesto de la plataforma en defensa de la Universidad Pública durante el acto solemne de apertura de curso de la Universitat de València. EFE/Kai Försterling</p>
<!-- AddThis Advanced Settings generic via filter on the_content --><!-- AddThis Share Buttons generic via filter on the_content -->

<p>VALENCIA (COMUNITAT VALENCIANA), 12/09/2013. El coordinador de la asamblea de estudiantes, Jordi Caparrós, lee un manifiesto de la plataforma en defensa de la Universidad Pública durante el acto solemne de apertura de curso de la Universitat de València. EFE/Kai Försterling<!-- AddThis Advanced Settings generic via filter on get_the_excerpt --><!-- AddThis Share Buttons generic via filter on get_the_excerpt --></p>

VALENCIA (COMUNITAT VALENCIANA), 12/09/2013. El coordinador de la asamblea de estudiantes, Jordi Caparrós, lee un manifiesto de la plataforma en defensa de la Universidad Pública durante el acto solemne de apertura de curso de la Universitat de València. EFE/Kai Försterling
