{"id":33,"date":"2012-04-18T17:20:38","date_gmt":"2012-04-18T17:20:38","guid":{"rendered":"http:\/\/blogs.lasprovincias.es\/elsindromededarrin\/?page_id=33"},"modified":"2012-04-18T17:20:38","modified_gmt":"2012-04-18T17:20:38","slug":"yo-no-soy-darrin","status":"publish","type":"page","link":"https:\/\/blogs.lasprovincias.es\/elsindromededarrin\/yo-no-soy-darrin\/","title":{"rendered":"El autor"},"content":{"rendered":"<h3>Crec\u00ed con &#8216;Un, dos, tres&#8217;, &#8216;La bola de cristal&#8217; y &#8216;Si lo s\u00e9 no vengo&#8217;. Jugaba con la enciclopedia a &#8216;El tiempo es oro&#8217; imitando al dedo de Janine. Podr\u00eda cantar cualquier canci\u00f3n de las que aparec\u00edan en &#8216;Barrio S\u00e9samo&#8217;. Nunca me mandaron a la cama cuando empezaba &#8216;La huella del crimen&#8217;. Confieso que yo tambi\u00e9n dije alguna vez a mi reloj: &#8220;Kitt, te necesito&#8221;. No me enganch\u00e9 a &#8216;M\u00e9dico de familia&#8217;, pero s\u00ed a &#8216;Menudo es mi padre&#8217;, la serie del Fary. He dicho m\u00e1s de cien veces &#8220;que te meto con el mechero Sole&#8221;. S\u00e9 que en &#8216;Gran Hermano&#8217; todo se magnifica.<\/h3>\n<h3>Se repiten en mi cabeza los n\u00fameros 4, 8, 15, 16, 23, 42. Me someto a cirug\u00edas pl\u00e1sticas cada semana en la cl\u00ednica Troy\/McNamara. Tomo copas en el Bada Bing. Trafico con marihuana en Agrestic y con cristal azul en Albuquerque. Veo desde la ventana a mi vecino desnudo. Compro compulsivamente Manolos que nunca me podr\u00e9 poner.\u00a0Visito a la doctora Foster para hablar sobre mi pareja. He le\u00eddo cientos de\u00a0veces el libro &#8220;God hate us all&#8221; de Hank Moody. El asesino del hielo se me\u00a0aparece en cada esquina y no me importar\u00eda que terminase con mi vida para dar\u00a0con mis huesos en la funeraria Fisher.<\/h3>\n<!-- AddThis Advanced Settings generic via filter on the_content --><!-- AddThis Share Buttons generic via filter on the_content -->","protected":false},"excerpt":{"rendered":"<p>Crec\u00ed con &#8216;Un, dos, tres&#8217;, &#8216;La bola de cristal&#8217; y &#8216;Si lo s\u00e9 no vengo&#8217;. Jugaba con la enciclopedia a &#8216;El tiempo es oro&#8217; imitando al dedo de Janine. Podr\u00eda cantar cualquier canci\u00f3n de las que aparec\u00edan en &#8216;Barrio S\u00e9samo&#8217;. Nunca me mandaron a la cama cuando empezaba &#8216;La huella del crimen&#8217;. Confieso que yo [&hellip;]<!-- AddThis Advanced Settings generic via filter on get_the_excerpt --><!-- AddThis Share Buttons generic via filter on get_the_excerpt --><\/p>\n","protected":false},"author":29,"featured_media":0,"parent":0,"menu_order":0,"comment_status":"open","ping_status":"closed","template":"","meta":[],"_links":{"self":[{"href":"https:\/\/blogs.lasprovincias.es\/elsindromededarrin\/wp-json\/wp\/v2\/pages\/33"}],"collection":[{"href":"https:\/\/blogs.lasprovincias.es\/elsindromededarrin\/wp-json\/wp\/v2\/pages"}],"about":[{"href":"https:\/\/blogs.lasprovincias.es\/elsindromededarrin\/wp-json\/wp\/v2\/types\/page"}],"author":[{"embeddable":true,"href":"https:\/\/blogs.lasprovincias.es\/elsindromededarrin\/wp-json\/wp\/v2\/users\/29"}],"replies":[{"embeddable":true,"href":"https:\/\/blogs.lasprovincias.es\/elsindromededarrin\/wp-json\/wp\/v2\/comments?post=33"}],"version-history":[{"count":0,"href":"https:\/\/blogs.lasprovincias.es\/elsindromededarrin\/wp-json\/wp\/v2\/pages\/33\/revisions"}],"wp:attachment":[{"href":"https:\/\/blogs.lasprovincias.es\/elsindromededarrin\/wp-json\/wp\/v2\/media?parent=33"}],"curies":[{"name":"wp","href":"https:\/\/api.w.org\/{rel}","templated":true}]}}