{"id":464,"date":"2012-11-10T19:22:14","date_gmt":"2012-11-10T19:22:14","guid":{"rendered":"http:\/\/blogs.lasprovincias.es\/elsindromededarrin\/?page_id=464"},"modified":"2012-11-10T19:22:14","modified_gmt":"2012-11-10T19:22:14","slug":"darrinazos","status":"publish","type":"page","link":"https:\/\/blogs.lasprovincias.es\/elsindromededarrin\/darrinazos\/","title":{"rendered":"Darrinazos"},"content":{"rendered":"<p><span style=\"font-size: medium;\">Razones para ver la tele o para lanzarla directamente por el balc\u00f3n<\/span><\/p>\n<p>&nbsp;<\/p>\n<p><span style=\"font-size: medium;\"><strong>Partirse los brazos para entrar en &#8216;Gran Hermano&#8217;<\/strong><\/span><\/p>\n<p><span style=\"font-size: medium;\">Cada cual es muy libre de escoger el modo de hacerse famoso. Hay quien aspira a serlo contando su destreza como amante en la cama, quien lucha por su cuota de poder criticando al contrario o quien vende lo que tenga delante por cinco minutos ante una c\u00e1mara. Luego est\u00e1n los que buscan su minuto de gloria quit\u00e1ndose la ropa en un campo de f\u00fatbol o haciendo el tonto detr\u00e1s de un periodista durante una emisi\u00f3n en directo. Lo de &#8216;Gran Hermano&#8217; es otra cosa, all\u00ed todo se magnifica. No entra cualquiera. En la edici\u00f3n 12+1 un joven pag\u00f3 69.000 euros por dormir en Guadalix. M\u00e1s dif\u00edcil todav\u00eda. En la 14, otro se ha partido los brazos en su accidentada entrada en la popular casa.\u00a0<\/span><\/p>\n<p>&nbsp;<\/p>\n<p><iframe loading=\"lazy\" src=\"\/\/www.telecinco.es\/video\/video-embed.html?contentId=MDSVID20130212_0021&#038;showTitle=1&#038;showSummary=1&#038;width=533&#038;height=300\" frameborder=\"0\" width=\"533\" height=\"300\"><\/iframe><\/p>\n<p>&nbsp;<\/p>\n<p><span style=\"font-size: medium;\"><strong>\u00bfQu\u00e9 es una bolsa de aire fr\u00edo, Conch\u00edn?<\/strong><\/span><\/p>\n<p><span style=\"font-size: medium;\">Conch\u00edn Fern\u00e1ndez y Beatriz P\u00e9rez de Aranda hablan de sus cosas y sobre el tiempo, algo que se suele hacer muy a menudo en los ascensores. Y sobre el fr\u00edo que est\u00e1 haciendo. Y es que, ya se sabe, en abril aguas mil y hasta el cuarenta de mayo no te quites el sayo. Oye, y qu\u00e9 mona esa falda que llevas. \u00bfEs de Zara?<\/span><\/p>\n<p><iframe loading=\"lazy\" src=\"\/\/www.youtube.com\/embed\/tbaJHzGIYvs\" frameborder=\"0\" width=\"560\" height=\"315\"><\/iframe><\/p>\n<p>&nbsp;<\/p>\n<p><span style=\"font-size: medium;\"><strong>Jorge Javier es Mars\u00e9, pero tambi\u00e9n Tony Kamo<\/strong><\/span><\/p>\n<p><span style=\"font-size: medium;\">\u00bfRecuerdan a Tony Kamo, el hipnotizador de &#8216;\u00a1Hola Raffaela!&#8217;? Pues ahora le ha salido un duro rival. Se trata de Jorge Javier, que lo mismo presenta un programa que escribe un libro al estilo de Mars\u00e9, que se pone a dirigir un pol\u00edgrafo que un proceso de hipnosis. El hipnotizado es V\u00edctor Sandoval, que en otra vida se llamaba Helen y viv\u00eda en un orfanato. La pel\u00edcula la dirigir\u00e1 Juan Antonio Bayona, experto en orfanatos y en lo imposible.<\/span><\/p>\n<p>&nbsp;<\/p>\n<p><iframe loading=\"lazy\" src=\"\/\/www.telecinco.es\/video\/video-embed.html?contentId=MDSVID20121110_0004&#038;showTitle=1&#038;showSummary=1&#038;width=533&#038;height=300\" frameborder=\"0\" width=\"558\" height=\"320\"><\/iframe><\/p>\n<p>&nbsp;<\/p>\n<p><span style=\"font-size: medium;\"><strong>Patricia Conde fue doble de Pamela Anderson<\/strong><\/span><\/p>\n<p><span style=\"font-size: medium;\">Todos tenemos un pasado, unos m\u00e1s duro que otros. Patricia Conde, antes de ser presentadora, hubo un momento en que acud\u00eda a programas de televisi\u00f3n para hablar de econom\u00eda sumergida, de Platon y del boom de la literatura latinoamericana. No, es broma, iba a hablar de su parecido con Pamela Anderson. \u00a0<\/span><\/p>\n<p>&nbsp;<\/p>\n<p><iframe loading=\"lazy\" src=\"\/\/www.youtube.com\/embed\/rCCuVFAjAY4\" frameborder=\"0\" width=\"420\" height=\"315\"><\/iframe><\/p>\n<p>&nbsp;<\/p>\n<p><span style=\"font-size: medium;\"><strong>Un golpe certero y todo termin\u00f3 entre ellos de repente&#8230;<\/strong><\/span><\/p>\n<p><span style=\"font-size: medium;\">La televisi\u00f3n la carga el diablo. Y no s\u00f3lo la espa\u00f1ola. Uno nunca sabe d\u00f3nde se va a encontrar el peligro, por lo que hay que ir con cuidado. Antes del &#8216;Ahora caigo&#8217; estuvo el &#8216;Ahora te lanzo este foco&#8217;.<\/span><\/p>\n<p>&nbsp;<\/p>\n<p><iframe loading=\"lazy\" src=\"\/\/www.youtube.com\/embed\/62nuC3jfaAg\" frameborder=\"0\" width=\"420\" height=\"315\"><\/iframe><\/p>\n<p>&nbsp;<\/p>\n<p><span style=\"font-size: medium;\"><strong>Debates de altura en Canal 9<\/strong><\/span><\/p>\n<p><span style=\"font-size: medium;\">La televisi\u00f3n p\u00fablica valenciana. Repito. LA TELEVISI\u00d3N P\u00daBLICA valenciana hubo un tiempo en que apostaba por debates de altura entre primeras figuras de la actualidad, cara a cara entre pensadores y ensayistas. A continuaci\u00f3n reproducimos un intenso coloquio entre Nuria Bermudez y Carmen Montenegro. Ninguna de las dos sale en Wikipedia. No entiendo por qu\u00e9.<\/span><\/p>\n<p>&nbsp;<\/p>\n<p><iframe loading=\"lazy\" src=\"\/\/www.youtube.com\/embed\/auKT054B0X4\" frameborder=\"0\" width=\"420\" height=\"315\"><\/iframe><\/p>\n<p>&nbsp;<\/p>\n<p><span style=\"font-size: medium;\">Eran los tiempos de &#8216;Carta Blanca&#8217; y &#8216;Parle vost\u00e9, calle vost\u00e9&#8217;, programas en el que se pon\u00eda a prueba la capacidad de sorpresa del espectador. Cuando cre\u00edas que nada m\u00e1s pod\u00eda dejarte con la boca abierta resultaba que s\u00ed que era posible. Cierre usted la boca que a\u00fan hay m\u00e1s.<\/span><\/p>\n<p>&nbsp;<\/p>\n<p><iframe loading=\"lazy\" src=\"\/\/www.youtube.com\/embed\/Q4ekwfGA2ew\" frameborder=\"0\" width=\"420\" height=\"315\"><\/iframe><\/p>\n<p>&nbsp;<\/p>\n<p><span style=\"font-size: medium;\"><strong>Ana Blanco no es un robot<\/strong><\/span><\/p>\n<p><span style=\"font-size: medium;\">Quiz\u00e1 hay alg\u00fan espectador que haya pensado que Ana Blanco es un robot. O que Ana Blanco no existe, que Ana Blanco son los padres. No cambia de aspecto, no envejece, no es destituida mande quien mande en el Gobierno. Pues bien, no es cierto que Ana Blanco sea un holograma. Es humana. Y aqu\u00ed est\u00e1 la prueba<\/span>.<\/p>\n<p><object width=\"640\" height=\"360\" classid=\"clsid:d27cdb6e-ae6d-11cf-96b8-444553540000\" codebase=\"http:\/\/download.macromedia.com\/pub\/shockwave\/cabs\/flash\/swflash.cab#version=6,0,40,0\"><param name=\"allowFullScreen\" value=\"true\" \/><param name=\"allowScriptAccess\" value=\"always\" \/><param name=\"src\" value=\"http:\/\/www.youtube.com\/v\/Eh0ZUbRkoI0&#038;hl=es_ES&#038;feature=player_embedded&#038;version=3\" \/><param name=\"allowfullscreen\" value=\"true\" \/><param name=\"allowscriptaccess\" value=\"always\" \/><embed width=\"640\" height=\"360\" type=\"application\/x-shockwave-flash\" src=\"\/\/www.youtube.com\/v\/Eh0ZUbRkoI0&#038;hl=es_ES&#038;feature=player_embedded&#038;version=3\" allowFullScreen=\"true\" allowScriptAccess=\"always\" allowfullscreen=\"true\" allowscriptaccess=\"always\" \/><\/object><\/p>\n<p>&nbsp;<\/p>\n<p><span style=\"font-size: medium;\"><strong>Para manifestarse hay que ser guapo<\/strong><\/span><\/p>\n<p><span style=\"font-size: medium;\">Manifestarse es legal. De momento. Eso s\u00ed, para salir a manifestarse por los recortes, por la subida del IVA, por los despidos o por lo que sea, hay que ponerse guapo. Si eres feo no debes salir a la calle. Mejor, qu\u00e9date encerrado en casa y no nos obligues al resto de seres divinos a verte. Lo dijo el ministro de Asuntos Est\u00e9ticos, Arturo Fern\u00e1ndez. Y qu\u00e9 gracia les hac\u00eda a los dem\u00e1s.<\/span><\/p>\n<p>&nbsp;<\/p>\n<p><iframe loading=\"lazy\" src=\"\/\/www.youtube.com\/embed\/yhgBi-DVBkI\" frameborder=\"0\" width=\"560\" height=\"315\"><\/iframe><\/p>\n<p>&nbsp;<\/p>\n<p><span style=\"font-size: medium;\"><strong>Correa y Anita Pastor<\/strong><\/span><\/p>\n<p><span style=\"font-size: medium;\">El presidente de Ecuador, Rafael Correa, no olvida a los amigos. Por eso, cuando lleg\u00f3 a Espa\u00f1a pregunt\u00f3 por Ana Pastor, Anita para los amigos. Fue a buscarla a TVE, pero claro all\u00ed no la encontr\u00f3. Ha cambiado de domicilio.<\/span><\/p>\n<p>&nbsp;<\/p>\n<p><iframe loading=\"lazy\" src=\"\/\/www.youtube.com\/embed\/LKmgbRpaqM8\" frameborder=\"0\" width=\"560\" height=\"315\"><\/iframe><\/p>\n<p>&nbsp;<\/p>\n<p><span style=\"font-size: medium;\">Para entender la buena relaci\u00f3n que mantienen Correa y Ana Pastor, perd\u00f3n, Anita, s\u00f3lo hay que ver este v\u00eddeo.<\/span><\/p>\n<p>&nbsp;<\/p>\n<p><iframe loading=\"lazy\" src=\"\/\/www.youtube.com\/embed\/P-tUsfYFYns\" frameborder=\"0\" width=\"560\" height=\"315\"><\/iframe><\/p>\n<p>&nbsp;<\/p>\n<p>&nbsp;<\/p>\n<p><strong><br \/>\n<\/strong><\/p>\n<!-- AddThis Advanced Settings generic via filter on the_content --><!-- AddThis Share Buttons generic via filter on the_content -->","protected":false},"excerpt":{"rendered":"<p>Razones para ver la tele o para lanzarla directamente por el balc\u00f3n &nbsp; Partirse los brazos para entrar en &#8216;Gran Hermano&#8217; Cada cual es muy libre de escoger el modo de hacerse famoso. Hay quien aspira a serlo contando su destreza como amante en la cama, quien lucha por su cuota de poder criticando al [&hellip;]<!-- AddThis Advanced Settings generic via filter on get_the_excerpt --><!-- AddThis Share Buttons generic via filter on get_the_excerpt --><\/p>\n","protected":false},"author":29,"featured_media":0,"parent":0,"menu_order":0,"comment_status":"open","ping_status":"closed","template":"","meta":[],"_links":{"self":[{"href":"https:\/\/blogs.lasprovincias.es\/elsindromededarrin\/wp-json\/wp\/v2\/pages\/464"}],"collection":[{"href":"https:\/\/blogs.lasprovincias.es\/elsindromededarrin\/wp-json\/wp\/v2\/pages"}],"about":[{"href":"https:\/\/blogs.lasprovincias.es\/elsindromededarrin\/wp-json\/wp\/v2\/types\/page"}],"author":[{"embeddable":true,"href":"https:\/\/blogs.lasprovincias.es\/elsindromededarrin\/wp-json\/wp\/v2\/users\/29"}],"replies":[{"embeddable":true,"href":"https:\/\/blogs.lasprovincias.es\/elsindromededarrin\/wp-json\/wp\/v2\/comments?post=464"}],"version-history":[{"count":0,"href":"https:\/\/blogs.lasprovincias.es\/elsindromededarrin\/wp-json\/wp\/v2\/pages\/464\/revisions"}],"wp:attachment":[{"href":"https:\/\/blogs.lasprovincias.es\/elsindromededarrin\/wp-json\/wp\/v2\/media?parent=464"}],"curies":[{"name":"wp","href":"https:\/\/api.w.org\/{rel}","templated":true}]}}

<p><span style="font-size: medium;">Razones para ver la tele o para lanzarla directamente por el balcón</span></p>
<p>&nbsp;</p>
<p><span style="font-size: medium;"><strong>Partirse los brazos para entrar en &#8216;Gran Hermano&#8217;</strong></span></p>
<p><span style="font-size: medium;">Cada cual es muy libre de escoger el modo de hacerse famoso. Hay quien aspira a serlo contando su destreza como amante en la cama, quien lucha por su cuota de poder criticando al contrario o quien vende lo que tenga delante por cinco minutos ante una cámara. Luego están los que buscan su minuto de gloria quitándose la ropa en un campo de fútbol o haciendo el tonto detrás de un periodista durante una emisión en directo. Lo de &#8216;Gran Hermano&#8217; es otra cosa, allí todo se magnifica. No entra cualquiera. En la edición 12+1 un joven pagó 69.000 euros por dormir en Guadalix. Más difícil todavía. En la 14, otro se ha partido los brazos en su accidentada entrada en la popular casa. </span></p>
<p>&nbsp;</p>
<p><iframe loading="lazy" src="//www.telecinco.es/video/video-embed.html?contentId=MDSVID20130212_0021&#038;showTitle=1&#038;showSummary=1&#038;width=533&#038;height=300" frameborder="0" width="533" height="300"></iframe></p>
<p>&nbsp;</p>
<p><span style="font-size: medium;"><strong>¿Qué es una bolsa de aire frío, Conchín?</strong></span></p>
<p><span style="font-size: medium;">Conchín Fernández y Beatriz Pérez de Aranda hablan de sus cosas y sobre el tiempo, algo que se suele hacer muy a menudo en los ascensores. Y sobre el frío que está haciendo. Y es que, ya se sabe, en abril aguas mil y hasta el cuarenta de mayo no te quites el sayo. Oye, y qué mona esa falda que llevas. ¿Es de Zara?</span></p>
<p><iframe loading="lazy" src="//www.youtube.com/embed/tbaJHzGIYvs" frameborder="0" width="560" height="315"></iframe></p>
<p>&nbsp;</p>
<p><span style="font-size: medium;"><strong>Jorge Javier es Marsé, pero también Tony Kamo</strong></span></p>
<p><span style="font-size: medium;">¿Recuerdan a Tony Kamo, el hipnotizador de &#8216;¡Hola Raffaela!&#8217;? Pues ahora le ha salido un duro rival. Se trata de Jorge Javier, que lo mismo presenta un programa que escribe un libro al estilo de Marsé, que se pone a dirigir un polígrafo que un proceso de hipnosis. El hipnotizado es Víctor Sandoval, que en otra vida se llamaba Helen y vivía en un orfanato. La película la dirigirá Juan Antonio Bayona, experto en orfanatos y en lo imposible.</span></p>
<p>&nbsp;</p>
<p><iframe loading="lazy" src="//www.telecinco.es/video/video-embed.html?contentId=MDSVID20121110_0004&#038;showTitle=1&#038;showSummary=1&#038;width=533&#038;height=300" frameborder="0" width="558" height="320"></iframe></p>
<p>&nbsp;</p>
<p><span style="font-size: medium;"><strong>Patricia Conde fue doble de Pamela Anderson</strong></span></p>
<p><span style="font-size: medium;">Todos tenemos un pasado, unos más duro que otros. Patricia Conde, antes de ser presentadora, hubo un momento en que acudía a programas de televisión para hablar de economía sumergida, de Platon y del boom de la literatura latinoamericana. No, es broma, iba a hablar de su parecido con Pamela Anderson.  </span></p>
<p>&nbsp;</p>
<p><iframe loading="lazy" src="//www.youtube.com/embed/rCCuVFAjAY4" frameborder="0" width="420" height="315"></iframe></p>
<p>&nbsp;</p>
<p><span style="font-size: medium;"><strong>Un golpe certero y todo terminó entre ellos de repente&#8230;</strong></span></p>
<p><span style="font-size: medium;">La televisión la carga el diablo. Y no sólo la española. Uno nunca sabe dónde se va a encontrar el peligro, por lo que hay que ir con cuidado. Antes del &#8216;Ahora caigo&#8217; estuvo el &#8216;Ahora te lanzo este foco&#8217;.</span></p>
<p>&nbsp;</p>
<p><iframe loading="lazy" src="//www.youtube.com/embed/62nuC3jfaAg" frameborder="0" width="420" height="315"></iframe></p>
<p>&nbsp;</p>
<p><span style="font-size: medium;"><strong>Debates de altura en Canal 9</strong></span></p>
<p><span style="font-size: medium;">La televisión pública valenciana. Repito. LA TELEVISIÓN PÚBLICA valenciana hubo un tiempo en que apostaba por debates de altura entre primeras figuras de la actualidad, cara a cara entre pensadores y ensayistas. A continuación reproducimos un intenso coloquio entre Nuria Bermudez y Carmen Montenegro. Ninguna de las dos sale en Wikipedia. No entiendo por qué.</span></p>
<p>&nbsp;</p>
<p><iframe loading="lazy" src="//www.youtube.com/embed/auKT054B0X4" frameborder="0" width="420" height="315"></iframe></p>
<p>&nbsp;</p>
<p><span style="font-size: medium;">Eran los tiempos de &#8216;Carta Blanca&#8217; y &#8216;Parle vosté, calle vosté&#8217;, programas en el que se ponía a prueba la capacidad de sorpresa del espectador. Cuando creías que nada más podía dejarte con la boca abierta resultaba que sí que era posible. Cierre usted la boca que aún hay más.</span></p>
<p>&nbsp;</p>
<p><iframe loading="lazy" src="//www.youtube.com/embed/Q4ekwfGA2ew" frameborder="0" width="420" height="315"></iframe></p>
<p>&nbsp;</p>
<p><span style="font-size: medium;"><strong>Ana Blanco no es un robot</strong></span></p>
<p><span style="font-size: medium;">Quizá hay algún espectador que haya pensado que Ana Blanco es un robot. O que Ana Blanco no existe, que Ana Blanco son los padres. No cambia de aspecto, no envejece, no es destituida mande quien mande en el Gobierno. Pues bien, no es cierto que Ana Blanco sea un holograma. Es humana. Y aquí está la prueba</span>.</p>
<p><object width="640" height="360" classid="clsid:d27cdb6e-ae6d-11cf-96b8-444553540000" codebase="http://download.macromedia.com/pub/shockwave/cabs/flash/swflash.cab#version=6,0,40,0"><param name="allowFullScreen" value="true" /><param name="allowScriptAccess" value="always" /><param name="src" value="http://www.youtube.com/v/Eh0ZUbRkoI0&#038;hl=es_ES&#038;feature=player_embedded&#038;version=3" /><param name="allowfullscreen" value="true" /><param name="allowscriptaccess" value="always" /><embed width="640" height="360" type="application/x-shockwave-flash" src="//www.youtube.com/v/Eh0ZUbRkoI0&#038;hl=es_ES&#038;feature=player_embedded&#038;version=3" allowFullScreen="true" allowScriptAccess="always" allowfullscreen="true" allowscriptaccess="always" /></object></p>
<p>&nbsp;</p>
<p><span style="font-size: medium;"><strong>Para manifestarse hay que ser guapo</strong></span></p>
<p><span style="font-size: medium;">Manifestarse es legal. De momento. Eso sí, para salir a manifestarse por los recortes, por la subida del IVA, por los despidos o por lo que sea, hay que ponerse guapo. Si eres feo no debes salir a la calle. Mejor, quédate encerrado en casa y no nos obligues al resto de seres divinos a verte. Lo dijo el ministro de Asuntos Estéticos, Arturo Fernández. Y qué gracia les hacía a los demás.</span></p>
<p>&nbsp;</p>
<p><iframe loading="lazy" src="//www.youtube.com/embed/yhgBi-DVBkI" frameborder="0" width="560" height="315"></iframe></p>
<p>&nbsp;</p>
<p><span style="font-size: medium;"><strong>Correa y Anita Pastor</strong></span></p>
<p><span style="font-size: medium;">El presidente de Ecuador, Rafael Correa, no olvida a los amigos. Por eso, cuando llegó a España preguntó por Ana Pastor, Anita para los amigos. Fue a buscarla a TVE, pero claro allí no la encontró. Ha cambiado de domicilio.</span></p>
<p>&nbsp;</p>
<p><iframe loading="lazy" src="//www.youtube.com/embed/LKmgbRpaqM8" frameborder="0" width="560" height="315"></iframe></p>
<p>&nbsp;</p>
<p><span style="font-size: medium;">Para entender la buena relación que mantienen Correa y Ana Pastor, perdón, Anita, sólo hay que ver este vídeo.</span></p>
<p>&nbsp;</p>
<p><iframe loading="lazy" src="//www.youtube.com/embed/P-tUsfYFYns" frameborder="0" width="560" height="315"></iframe></p>
<p>&nbsp;</p>
<p>&nbsp;</p>
<p><strong><br />
</strong></p>
<!-- AddThis Advanced Settings generic via filter on the_content --><!-- AddThis Share Buttons generic via filter on the_content -->

<p>Razones para ver la tele o para lanzarla directamente por el balcón &nbsp; Partirse los brazos para entrar en &#8216;Gran Hermano&#8217; Cada cual es muy libre de escoger el modo de hacerse famoso. Hay quien aspira a serlo contando su destreza como amante en la cama, quien lucha por su cuota de poder criticando al [&hellip;]<!-- AddThis Advanced Settings generic via filter on get_the_excerpt --><!-- AddThis Share Buttons generic via filter on get_the_excerpt --></p>
